{"id":33,"date":"2010-12-03T17:46:05","date_gmt":"2010-12-03T16:46:05","guid":{"rendered":"http:\/\/www.mursporteurs.fr\/"},"modified":"2011-01-04T14:57:49","modified_gmt":"2011-01-04T13:57:49","slug":"definition-mur-porteur","status":"publish","type":"page","link":"https:\/\/www.mursporteurs.fr\/?page_id=33","title":{"rendered":"D\u00e9finition mur porteur"},"content":{"rendered":"<p><strong>Mur porteur<\/strong> : Mur ayant une fonction de stabilit\u00e9 de la structure globale d&rsquo;une construction. Son r\u00f4le est d&rsquo;assurer le soutien d&rsquo;un plancher ou d&rsquo;une charpente.<br \/>\nIl est constitu\u00e9, selon les ann\u00e9es de construction, de briques (pleines ou creuses), de parpaings, de pl\u00e2tre avec un colombage en bois ou de b\u00e9ton ferraill\u00e9 (voile). Son \u00e9paisseur est en g\u00e9n\u00e9rale sup\u00e9rieur ou \u00e9gale \u00e0  10cm<br \/>\n<strong>Mur semi-porteur<\/strong> : Il s&rsquo;agit en r\u00e9alit\u00e9 d&rsquo;une cloison simple de s\u00e9paration de pi\u00e8ce n&rsquo;ayant initialement aucune propri\u00e9t\u00e9 porteuse. Cependant, avec le temps, certaines constructions peuvent bouger, l\u00e9g\u00e8rement s&rsquo;affaisser et faire qu&rsquo;un plancher (ou une charpente) vienne se reposer et trouver une meilleur stabilit\u00e9 sur une cloison. Il s&rsquo;agit alors d&rsquo;une cloison semi-porteuse.<br \/>\nElle sont tr\u00e8s dangereuses car elles ont les m\u00eames caract\u00e9ristiques qu&rsquo;une cloison simple alors qu&rsquo;elles ont des fonctions porteuses.<br \/>\nElles se traitent de la m\u00eames fa\u00e7on qu&rsquo;un <a href=\"http:\/\/www.mursporteurs.fr\/\">mur porteur<\/a>.<br \/>\nElles ont en g\u00e9n\u00e9rale une \u00e9paisseur entre 7cm et 9cm.<br \/>\n<strong>Mur de refend<\/strong> : Il s&rsquo;agit d&rsquo;un <em>mur porteur<\/em> au centre d&rsquo;une habitation qui permet de r\u00e9partir la charge des poutrelles entre 2 murs de fa\u00e7ades.<br \/>\n<strong>Matage <\/strong>: Le matage d&rsquo;une poutre consiste \u00e0 la mettre sous tension ou en charge par calage m\u00e9tallique avant d&rsquo;effectuer le rebouchage de la poutre.<\/p>\n<p><img loading=\"lazy\" class=\"alignleft size-full wp-image-199\" title=\"Ouverture mur porteur calage metallique\" src=\"http:\/\/www.mursporteurs.fr\/wp-content\/uploads\/2010\/12\/Ouverture-mur-porteur-calage-metallique2.jpg\" alt=\"\" width=\"395\" height=\"296\" \/><\/p>\n<p><strong>Moisage <\/strong>: Le moisage d&rsquo;un mur consiste \u00e0 relier 2 U de par et d&rsquo;autre de celui ci afin de r\u00e9partir la charge sur toute sa longueur et pouvoir d\u00e9poser le dessous.<\/p>\n<p><img loading=\"lazy\" class=\"aligncenter size-medium wp-image-201\" title=\"Ouverture Mur semi porteur moisage 3\" src=\"http:\/\/www.mursporteurs.fr\/wp-content\/uploads\/2010\/12\/Ouverture-Mur-semi-porteur-moisage-3-400x300.jpg\" alt=\"\" width=\"400\" height=\"300\" srcset=\"https:\/\/www.mursporteurs.fr\/wp-content\/uploads\/2010\/12\/Ouverture-Mur-semi-porteur-moisage-3-400x300.jpg 400w, https:\/\/www.mursporteurs.fr\/wp-content\/uploads\/2010\/12\/Ouverture-Mur-semi-porteur-moisage-3.jpg 492w\" sizes=\"(max-width: 400px) 100vw, 400px\" \/><br \/>\n<strong>Chevalement <\/strong>: La m\u00e9thode du chevalement consiste \u00e0 carotter un mur pour y introduire des I perpendiculairement au mur. Ensuite sont positionn\u00e9s les \u00e9tais entre le sol et les I de chaque cot\u00e9 du mur pour soulager le porteur.<\/p>\n<p><img loading=\"lazy\" class=\"aligncenter size-medium wp-image-203\" title=\"Ouverture Mur Porteur ou mur de refend par Chevalement 5\" src=\"http:\/\/www.mursporteurs.fr\/wp-content\/uploads\/2010\/12\/Ouverture-Mur-Porteur-ou-mur-de-refend-par-Chevalement-5-404x300.jpg\" alt=\"\" width=\"404\" height=\"300\" srcset=\"https:\/\/www.mursporteurs.fr\/wp-content\/uploads\/2010\/12\/Ouverture-Mur-Porteur-ou-mur-de-refend-par-Chevalement-5-404x300.jpg 404w, https:\/\/www.mursporteurs.fr\/wp-content\/uploads\/2010\/12\/Ouverture-Mur-Porteur-ou-mur-de-refend-par-Chevalement-5.jpg 427w\" sizes=\"(max-width: 404px) 100vw, 404px\" \/><br \/>\n<strong>Semelle ou Sommier<\/strong> : Bloc b\u00e9ton (mortier) permettant d&rsquo;accueillir les profil\u00e9s m\u00e9talliques.<br \/>\n<strong>Longrine <\/strong>: La longrine est une fondation en b\u00e9ton arm\u00e9.<br \/>\n<strong>\u00c9taiement <\/strong>: Pose d&rsquo;\u00e9tais afin de soulager la charge d&rsquo;un porteur.<\/p>\n","protected":false},"excerpt":{"rendered":"<p>Mur porteur : Mur ayant une fonction de stabilit\u00e9 de la structure globale d&rsquo;une construction. Son r\u00f4le est d&rsquo;assurer le soutien d&rsquo;un plancher ou d&rsquo;une charpente. Il est constitu\u00e9, selon les ann\u00e9es de construction, de briques (pleines ou creuses), de &hellip; <a href=\"https:\/\/www.mursporteurs.fr\/?page_id=33\">Continuer la lecture <span class=\"meta-nav\">&rarr;<\/span><\/a><\/p>\n","protected":false},"author":1,"featured_media":0,"parent":0,"menu_order":80,"comment_status":"open","ping_status":"open","template":"","meta":[],"yoast_head":"<!-- This site is optimized with the Yoast SEO plugin v17.4 - https:\/\/yoast.com\/wordpress\/plugins\/seo\/ -->\n<meta name=\"robots\" content=\"index, follow, max-snippet:-1, max-image-preview:large, max-video-preview:-1\" \/>\n<link rel=\"canonical\" href=\"https:\/\/www.mursporteurs.fr\/?page_id=33\" \/>\n<meta property=\"og:locale\" content=\"fr_FR\" \/>\n<meta property=\"og:type\" content=\"article\" \/>\n<meta property=\"og:title\" content=\"D\u00e9finition mur porteur - Murs Porteurs\" \/>\n<meta property=\"og:description\" content=\"Mur porteur : Mur ayant une fonction de stabilit\u00e9 de la structure globale d&rsquo;une construction. Son r\u00f4le est d&rsquo;assurer le soutien d&rsquo;un plancher ou d&rsquo;une charpente. Il est constitu\u00e9, selon les ann\u00e9es de construction, de briques (pleines ou creuses), de &hellip; Continuer la lecture &rarr;\" \/>\n<meta property=\"og:url\" content=\"https:\/\/www.mursporteurs.fr\/?page_id=33\" \/>\n<meta property=\"og:site_name\" content=\"Murs Porteurs\" \/>\n<meta property=\"article:modified_time\" content=\"2011-01-04T13:57:49+00:00\" \/>\n<meta property=\"og:image\" content=\"http:\/\/www.mursporteurs.fr\/wp-content\/uploads\/2010\/12\/Ouverture-mur-porteur-calage-metallique2.jpg\" \/>\n<meta name=\"twitter:card\" content=\"summary_large_image\" \/>\n<meta name=\"twitter:label1\" content=\"Dur\u00e9e de lecture est.\" \/>\n\t<meta name=\"twitter:data1\" content=\"2 minutes\" \/>\n<script type=\"application\/ld+json\" class=\"yoast-schema-graph\">{\"@context\":\"https:\/\/schema.org\",\"@graph\":[{\"@type\":\"WebSite\",\"@id\":\"http:\/\/www.mursporteurs.fr\/#website\",\"url\":\"http:\/\/www.mursporteurs.fr\/\",\"name\":\"Murs Porteurs\",\"description\":\"Entreprise sp\\u00e9cialis\\u00e9e dans l&#039;ouverture de murs porteurs, les extensions et les sur\\u00e9l\\u00e9vations de maisons sur Paris et r\\u00e9gion parisienne.\",\"potentialAction\":[{\"@type\":\"SearchAction\",\"target\":{\"@type\":\"EntryPoint\",\"urlTemplate\":\"http:\/\/www.mursporteurs.fr\/?s={search_term_string}\"},\"query-input\":\"required name=search_term_string\"}],\"inLanguage\":\"fr-FR\"},{\"@type\":\"ImageObject\",\"@id\":\"https:\/\/www.mursporteurs.fr\/?page_id=33#primaryimage\",\"inLanguage\":\"fr-FR\",\"url\":\"http:\/\/www.mursporteurs.fr\/wp-content\/uploads\/2010\/12\/Ouverture-mur-porteur-calage-metallique2.jpg\",\"contentUrl\":\"http:\/\/www.mursporteurs.fr\/wp-content\/uploads\/2010\/12\/Ouverture-mur-porteur-calage-metallique2.jpg\"},{\"@type\":\"WebPage\",\"@id\":\"https:\/\/www.mursporteurs.fr\/?page_id=33#webpage\",\"url\":\"https:\/\/www.mursporteurs.fr\/?page_id=33\",\"name\":\"D\\u00e9finition mur porteur - Murs Porteurs\",\"isPartOf\":{\"@id\":\"http:\/\/www.mursporteurs.fr\/#website\"},\"primaryImageOfPage\":{\"@id\":\"https:\/\/www.mursporteurs.fr\/?page_id=33#primaryimage\"},\"datePublished\":\"2010-12-03T16:46:05+00:00\",\"dateModified\":\"2011-01-04T13:57:49+00:00\",\"breadcrumb\":{\"@id\":\"https:\/\/www.mursporteurs.fr\/?page_id=33#breadcrumb\"},\"inLanguage\":\"fr-FR\",\"potentialAction\":[{\"@type\":\"ReadAction\",\"target\":[\"https:\/\/www.mursporteurs.fr\/?page_id=33\"]}]},{\"@type\":\"BreadcrumbList\",\"@id\":\"https:\/\/www.mursporteurs.fr\/?page_id=33#breadcrumb\",\"itemListElement\":[{\"@type\":\"ListItem\",\"position\":1,\"name\":\"Accueil\",\"item\":\"http:\/\/www.mursporteurs.fr\/\"},{\"@type\":\"ListItem\",\"position\":2,\"name\":\"D\\u00e9finition mur porteur\"}]}]}<\/script>\n<!-- \/ Yoast SEO plugin. -->","yoast_head_json":{"robots":{"index":"index","follow":"follow","max-snippet":"max-snippet:-1","max-image-preview":"max-image-preview:large","max-video-preview":"max-video-preview:-1"},"canonical":"https:\/\/www.mursporteurs.fr\/?page_id=33","og_locale":"fr_FR","og_type":"article","og_title":"D\u00e9finition mur porteur - Murs Porteurs","og_description":"Mur porteur : Mur ayant une fonction de stabilit\u00e9 de la structure globale d&rsquo;une construction. Son r\u00f4le est d&rsquo;assurer le soutien d&rsquo;un plancher ou d&rsquo;une charpente. Il est constitu\u00e9, selon les ann\u00e9es de construction, de briques (pleines ou creuses), de &hellip; Continuer la lecture &rarr;","og_url":"https:\/\/www.mursporteurs.fr\/?page_id=33","og_site_name":"Murs Porteurs","article_modified_time":"2011-01-04T13:57:49+00:00","og_image":[{"url":"http:\/\/www.mursporteurs.fr\/wp-content\/uploads\/2010\/12\/Ouverture-mur-porteur-calage-metallique2.jpg"}],"twitter_card":"summary_large_image","twitter_misc":{"Dur\u00e9e de lecture est.":"2 minutes"},"schema":{"@context":"https:\/\/schema.org","@graph":[{"@type":"WebSite","@id":"http:\/\/www.mursporteurs.fr\/#website","url":"http:\/\/www.mursporteurs.fr\/","name":"Murs Porteurs","description":"Entreprise sp\u00e9cialis\u00e9e dans l&#039;ouverture de murs porteurs, les extensions et les sur\u00e9l\u00e9vations de maisons sur Paris et r\u00e9gion parisienne.","potentialAction":[{"@type":"SearchAction","target":{"@type":"EntryPoint","urlTemplate":"http:\/\/www.mursporteurs.fr\/?s={search_term_string}"},"query-input":"required name=search_term_string"}],"inLanguage":"fr-FR"},{"@type":"ImageObject","@id":"https:\/\/www.mursporteurs.fr\/?page_id=33#primaryimage","inLanguage":"fr-FR","url":"http:\/\/www.mursporteurs.fr\/wp-content\/uploads\/2010\/12\/Ouverture-mur-porteur-calage-metallique2.jpg","contentUrl":"http:\/\/www.mursporteurs.fr\/wp-content\/uploads\/2010\/12\/Ouverture-mur-porteur-calage-metallique2.jpg"},{"@type":"WebPage","@id":"https:\/\/www.mursporteurs.fr\/?page_id=33#webpage","url":"https:\/\/www.mursporteurs.fr\/?page_id=33","name":"D\u00e9finition mur porteur - Murs Porteurs","isPartOf":{"@id":"http:\/\/www.mursporteurs.fr\/#website"},"primaryImageOfPage":{"@id":"https:\/\/www.mursporteurs.fr\/?page_id=33#primaryimage"},"datePublished":"2010-12-03T16:46:05+00:00","dateModified":"2011-01-04T13:57:49+00:00","breadcrumb":{"@id":"https:\/\/www.mursporteurs.fr\/?page_id=33#breadcrumb"},"inLanguage":"fr-FR","potentialAction":[{"@type":"ReadAction","target":["https:\/\/www.mursporteurs.fr\/?page_id=33"]}]},{"@type":"BreadcrumbList","@id":"https:\/\/www.mursporteurs.fr\/?page_id=33#breadcrumb","itemListElement":[{"@type":"ListItem","position":1,"name":"Accueil","item":"http:\/\/www.mursporteurs.fr\/"},{"@type":"ListItem","position":2,"name":"D\u00e9finition mur porteur"}]}]}},"_links":{"self":[{"href":"https:\/\/www.mursporteurs.fr\/index.php?rest_route=\/wp\/v2\/pages\/33"}],"collection":[{"href":"https:\/\/www.mursporteurs.fr\/index.php?rest_route=\/wp\/v2\/pages"}],"about":[{"href":"https:\/\/www.mursporteurs.fr\/index.php?rest_route=\/wp\/v2\/types\/page"}],"author":[{"embeddable":true,"href":"https:\/\/www.mursporteurs.fr\/index.php?rest_route=\/wp\/v2\/users\/1"}],"replies":[{"embeddable":true,"href":"https:\/\/www.mursporteurs.fr\/index.php?rest_route=%2Fwp%2Fv2%2Fcomments&post=33"}],"version-history":[{"count":10,"href":"https:\/\/www.mursporteurs.fr\/index.php?rest_route=\/wp\/v2\/pages\/33\/revisions"}],"predecessor-version":[{"id":204,"href":"https:\/\/www.mursporteurs.fr\/index.php?rest_route=\/wp\/v2\/pages\/33\/revisions\/204"}],"wp:attachment":[{"href":"https:\/\/www.mursporteurs.fr\/index.php?rest_route=%2Fwp%2Fv2%2Fmedia&parent=33"}],"curies":[{"name":"wp","href":"https:\/\/api.w.org\/{rel}","templated":true}]}}