{"id":30,"date":"2010-12-03T17:42:36","date_gmt":"2010-12-03T16:42:36","guid":{"rendered":"http:\/\/www.mursporteurs.fr\/"},"modified":"2011-01-04T15:37:38","modified_gmt":"2011-01-04T14:37:38","slug":"nos-prestations-ouverture-mur-porteur","status":"publish","type":"page","link":"https:\/\/www.mursporteurs.fr\/?page_id=30","title":{"rendered":"Nos Prestations"},"content":{"rendered":"<p>Afin de couvrir l&rsquo;ensemble des diff\u00e9rents besoins de nos clients nous proposons 4 offres de service li\u00e9es \u00e0 la <a href=\"http:\/\/www.mursporteurs.fr\/les-differentes-techniques-ouverture-mur-porteur\/\">d\u00e9molition de murs porteurs<\/a>.<\/p>\n<h3>1\/ Votre projet est-il r\u00e9alisable ?<\/h3>\n<p>C&rsquo;est bien \u00e9videmment la premi\u00e8re question \u00e0 se poser. Cette question recouvre en r\u00e9alit\u00e9 2 aspects : Le projet est-il r\u00e9alisable techniquement ?  Ce qui est bien souvent le cas. Le deuxi\u00e8me aspect de cette question est : \u00ab\u00a0ce projet est il r\u00e9alisable pour notre budget ?\u00a0\u00bb<br \/>\nPour r\u00e9pondre \u00e0 ces 2 questions : notre offre \u00ab\u00a0B.E.T\u00a0\u00bb.<\/p>\n<p>L&rsquo;offre B.E.T. comprend :<\/p>\n<ul>\n<li> Intervention conjointe du BET et d&rsquo;ADORA R\u00e9novation<\/li>\n<li> Sondage du mur si besoin par ADORA R\u00e9novation ce m\u00eame jour<\/li>\n<li> R\u00e9daction du devis d\u00e9taill\u00e9 par ADORA R\u00e9novation avec description de la technique utilis\u00e9e<\/li>\n<li> Calculs de structure permettant d&rsquo;\u00e9tablir les Sch\u00e9mas de r\u00e9alisation (type de fer, technique d&rsquo;ouverture) r\u00e9alis\u00e9s par le Bureau d&rsquo;\u00e9tude Technique sp\u00e9cialis\u00e9 dans les structures<\/li>\n<li> Assurances d\u00e9cennales et Responsabilit\u00e9 Civile d&rsquo;ADORA R\u00e9novation<\/li>\n<li> Assurances d\u00e9cennales du BET<\/li>\n<li> Lettre d&rsquo;accompagnement d\u00e9crivant l&rsquo;existant et la d\u00e9marche<\/li>\n<\/ul>\n<h3>2\/ Ouverture du mur porteur<\/h3>\n<p>Votre projet a \u00e9t\u00e9 valid\u00e9 par le biais de notre B.E.T partenaire ou par l&rsquo;interm\u00e9diaire d&rsquo;un autre Bureau d&rsquo;\u00e9tude de structures. Il ne vous reste plus qu&rsquo;\u00e0 r\u00e9aliser les travaux.<br \/>\nNous nous d\u00e9pla\u00e7ons sur site pour prendre connaissance du projet et \u00e9tablir un devis puis apr\u00e8s acceptation, nous prenons en charge la d\u00e9pose du <a href=\"http:\/\/www.mursporteurs.fr\/les-differents-type-de-poutres\/\">mur porteur<\/a>.<\/p>\n<h3>3\/ Etat des lieux contradictoire<\/h3>\n<p>Cette prestation est r\u00e9alis\u00e9e par un de nos huissiers partenaires.<br \/>\nA quoi sert cet \u00e9tat des lieux ? <a href=\"http:\/\/www.mursporteurs.fr\/demarche-reglementaire-pour-la-co-propriete\/\">Lire page r\u00e8glement co-propri\u00e9t\u00e9. Part. 4<\/a><\/p>\n<h3>4\/ Gestion administrative de l&rsquo;ensemble du dossier<\/h3>\n<p>Cette prestation comprend les 3 premi\u00e8res offres (\u00ab\u00a0B.E.T.\u00a0\u00bb + \u00ab\u00a0<a href=\"http:\/\/www.mursporteurs.fr\/\">Ouverture du mur porteur<\/a> \u00bb + \u00ab\u00a0Etat des lieux contradictoire\u00a0\u00bb) auxquelles s&rsquo;ajoute la gestion avec le syndic de l&rsquo;immeuble, l&rsquo;architecte de l&rsquo;immeuble, les courriers explicatifs du projet aux copropri\u00e9taires, au syndic et \u00e0 l&rsquo;architecte de l&rsquo;immeuble.<\/p>\n","protected":false},"excerpt":{"rendered":"<p>Afin de couvrir l&rsquo;ensemble des diff\u00e9rents besoins de nos clients nous proposons 4 offres de service li\u00e9es \u00e0 la d\u00e9molition de murs porteurs. 1\/ Votre projet est-il r\u00e9alisable ? C&rsquo;est bien \u00e9videmment la premi\u00e8re question \u00e0 se poser. Cette question &hellip; <a href=\"https:\/\/www.mursporteurs.fr\/?page_id=30\">Continuer la lecture <span class=\"meta-nav\">&rarr;<\/span><\/a><\/p>\n","protected":false},"author":1,"featured_media":0,"parent":0,"menu_order":70,"comment_status":"open","ping_status":"open","template":"","meta":[],"yoast_head":"<!-- This site is optimized with the Yoast SEO plugin v17.4 - https:\/\/yoast.com\/wordpress\/plugins\/seo\/ -->\n<meta name=\"robots\" content=\"index, follow, max-snippet:-1, max-image-preview:large, max-video-preview:-1\" \/>\n<link rel=\"canonical\" href=\"https:\/\/www.mursporteurs.fr\/?page_id=30\" \/>\n<meta property=\"og:locale\" content=\"fr_FR\" \/>\n<meta property=\"og:type\" content=\"article\" \/>\n<meta property=\"og:title\" content=\"Nos Prestations - Murs Porteurs\" \/>\n<meta property=\"og:description\" content=\"Afin de couvrir l&rsquo;ensemble des diff\u00e9rents besoins de nos clients nous proposons 4 offres de service li\u00e9es \u00e0 la d\u00e9molition de murs porteurs. 1\/ Votre projet est-il r\u00e9alisable ? C&rsquo;est bien \u00e9videmment la premi\u00e8re question \u00e0 se poser. Cette question &hellip; Continuer la lecture &rarr;\" \/>\n<meta property=\"og:url\" content=\"https:\/\/www.mursporteurs.fr\/?page_id=30\" \/>\n<meta property=\"og:site_name\" content=\"Murs Porteurs\" \/>\n<meta property=\"article:modified_time\" content=\"2011-01-04T14:37:38+00:00\" \/>\n<meta name=\"twitter:card\" content=\"summary_large_image\" \/>\n<meta name=\"twitter:label1\" content=\"Dur\u00e9e de lecture est.\" \/>\n\t<meta name=\"twitter:data1\" content=\"2 minutes\" \/>\n<script type=\"application\/ld+json\" class=\"yoast-schema-graph\">{\"@context\":\"https:\/\/schema.org\",\"@graph\":[{\"@type\":\"WebSite\",\"@id\":\"https:\/\/www.mursporteurs.fr\/#website\",\"url\":\"https:\/\/www.mursporteurs.fr\/\",\"name\":\"Murs Porteurs\",\"description\":\"Entreprise sp\\u00e9cialis\\u00e9e dans l&#039;ouverture de murs porteurs, les extensions et les sur\\u00e9l\\u00e9vations de maisons sur Paris et r\\u00e9gion parisienne.\",\"potentialAction\":[{\"@type\":\"SearchAction\",\"target\":{\"@type\":\"EntryPoint\",\"urlTemplate\":\"https:\/\/www.mursporteurs.fr\/?s={search_term_string}\"},\"query-input\":\"required name=search_term_string\"}],\"inLanguage\":\"fr-FR\"},{\"@type\":[\"WebPage\",\"CollectionPage\"],\"@id\":\"https:\/\/www.mursporteurs.fr\/?page_id=30#webpage\",\"url\":\"https:\/\/www.mursporteurs.fr\/?page_id=30\",\"name\":\"Nos Prestations - Murs Porteurs\",\"isPartOf\":{\"@id\":\"https:\/\/www.mursporteurs.fr\/#website\"},\"datePublished\":\"2010-12-03T16:42:36+00:00\",\"dateModified\":\"2011-01-04T14:37:38+00:00\",\"breadcrumb\":{\"@id\":\"https:\/\/www.mursporteurs.fr\/?page_id=30#breadcrumb\"},\"inLanguage\":\"fr-FR\",\"potentialAction\":[{\"@type\":\"ReadAction\",\"target\":[\"https:\/\/www.mursporteurs.fr\/?page_id=30\"]}]},{\"@type\":\"BreadcrumbList\",\"@id\":\"https:\/\/www.mursporteurs.fr\/?page_id=30#breadcrumb\",\"itemListElement\":[{\"@type\":\"ListItem\",\"position\":1,\"name\":\"Accueil\",\"item\":\"https:\/\/www.mursporteurs.fr\/\"},{\"@type\":\"ListItem\",\"position\":2,\"name\":\"Nos Prestations\"}]}]}<\/script>\n<!-- \/ Yoast SEO plugin. -->","yoast_head_json":{"robots":{"index":"index","follow":"follow","max-snippet":"max-snippet:-1","max-image-preview":"max-image-preview:large","max-video-preview":"max-video-preview:-1"},"canonical":"https:\/\/www.mursporteurs.fr\/?page_id=30","og_locale":"fr_FR","og_type":"article","og_title":"Nos Prestations - Murs Porteurs","og_description":"Afin de couvrir l&rsquo;ensemble des diff\u00e9rents besoins de nos clients nous proposons 4 offres de service li\u00e9es \u00e0 la d\u00e9molition de murs porteurs. 1\/ Votre projet est-il r\u00e9alisable ? C&rsquo;est bien \u00e9videmment la premi\u00e8re question \u00e0 se poser. Cette question &hellip; Continuer la lecture &rarr;","og_url":"https:\/\/www.mursporteurs.fr\/?page_id=30","og_site_name":"Murs Porteurs","article_modified_time":"2011-01-04T14:37:38+00:00","twitter_card":"summary_large_image","twitter_misc":{"Dur\u00e9e de lecture est.":"2 minutes"},"schema":{"@context":"https:\/\/schema.org","@graph":[{"@type":"WebSite","@id":"https:\/\/www.mursporteurs.fr\/#website","url":"https:\/\/www.mursporteurs.fr\/","name":"Murs Porteurs","description":"Entreprise sp\u00e9cialis\u00e9e dans l&#039;ouverture de murs porteurs, les extensions et les sur\u00e9l\u00e9vations de maisons sur Paris et r\u00e9gion parisienne.","potentialAction":[{"@type":"SearchAction","target":{"@type":"EntryPoint","urlTemplate":"https:\/\/www.mursporteurs.fr\/?s={search_term_string}"},"query-input":"required name=search_term_string"}],"inLanguage":"fr-FR"},{"@type":["WebPage","CollectionPage"],"@id":"https:\/\/www.mursporteurs.fr\/?page_id=30#webpage","url":"https:\/\/www.mursporteurs.fr\/?page_id=30","name":"Nos Prestations - Murs Porteurs","isPartOf":{"@id":"https:\/\/www.mursporteurs.fr\/#website"},"datePublished":"2010-12-03T16:42:36+00:00","dateModified":"2011-01-04T14:37:38+00:00","breadcrumb":{"@id":"https:\/\/www.mursporteurs.fr\/?page_id=30#breadcrumb"},"inLanguage":"fr-FR","potentialAction":[{"@type":"ReadAction","target":["https:\/\/www.mursporteurs.fr\/?page_id=30"]}]},{"@type":"BreadcrumbList","@id":"https:\/\/www.mursporteurs.fr\/?page_id=30#breadcrumb","itemListElement":[{"@type":"ListItem","position":1,"name":"Accueil","item":"https:\/\/www.mursporteurs.fr\/"},{"@type":"ListItem","position":2,"name":"Nos Prestations"}]}]}},"_links":{"self":[{"href":"https:\/\/www.mursporteurs.fr\/index.php?rest_route=\/wp\/v2\/pages\/30"}],"collection":[{"href":"https:\/\/www.mursporteurs.fr\/index.php?rest_route=\/wp\/v2\/pages"}],"about":[{"href":"https:\/\/www.mursporteurs.fr\/index.php?rest_route=\/wp\/v2\/types\/page"}],"author":[{"embeddable":true,"href":"https:\/\/www.mursporteurs.fr\/index.php?rest_route=\/wp\/v2\/users\/1"}],"replies":[{"embeddable":true,"href":"https:\/\/www.mursporteurs.fr\/index.php?rest_route=%2Fwp%2Fv2%2Fcomments&post=30"}],"version-history":[{"count":8,"href":"https:\/\/www.mursporteurs.fr\/index.php?rest_route=\/wp\/v2\/pages\/30\/revisions"}],"predecessor-version":[{"id":219,"href":"https:\/\/www.mursporteurs.fr\/index.php?rest_route=\/wp\/v2\/pages\/30\/revisions\/219"}],"wp:attachment":[{"href":"https:\/\/www.mursporteurs.fr\/index.php?rest_route=%2Fwp%2Fv2%2Fmedia&parent=30"}],"curies":[{"name":"wp","href":"https:\/\/api.w.org\/{rel}","templated":true}]}}