{"id":15,"date":"2010-12-03T16:59:08","date_gmt":"2010-12-03T15:59:08","guid":{"rendered":"http:\/\/www.adora-renovation.fr\/murs\/"},"modified":"2011-01-11T09:52:32","modified_gmt":"2011-01-11T08:52:32","slug":"reglement-maison-individuelle","status":"publish","type":"page","link":"https:\/\/www.mursporteurs.fr\/?page_id=15","title":{"rendered":"R\u00e8glement maison individuelle"},"content":{"rendered":"<p>Dans ce cas, la d\u00e9marche pour <a href=\"http:\/\/www.mursporteurs.fr\/nos-realisations-mur-porteur\/\">abattre un mur porteur<\/a> est bien moins lourde.<br \/>\nSeuls les points 2, 3 (<a href=\"http:\/\/www.mursporteurs.fr\/demarche-reglementaire-pour-la-co-propriete\/\">constitution du dossier<\/a>) et 6 (r\u00e9alisation) sont \u00e0 effectuer.<\/p>\n<p>Le point 4 (\u00e9tat des lieux contradictoire) est \u00e0 r\u00e9aliser que dans le cas d&rsquo;une maison mitoyenne.<\/p>\n<p>Dans le cas du <strong>mur de fa\u00e7ade<\/strong>, une d\u00e9claration pr\u00e9alable de travaux est \u00e0 r\u00e9aliser aupr\u00e8s du service d&rsquo;urbanisme de la mairie. Cette d\u00e9marche n&rsquo;est pas n\u00e9gligeable (sch\u00e9ma \u00e0 l&rsquo;\u00e9chelle de l&rsquo;existant, sch\u00e9ma \u00e0 l&rsquo;\u00e9chelle du projet, photos, relev\u00e9s du cadastre), est soumise \u00e0 autorisation et donne droit \u00e0 un recours aux tiers (voisins).<\/p>\n<p><img loading=\"lazy\" class=\"aligncenter size-medium wp-image-213\" title=\"Ouverture de mur porteur avec 2 demi poutrelles 1\" src=\"http:\/\/www.mursporteurs.fr\/wp-content\/uploads\/2010\/12\/Ouverture-de-mur-porteur-avec-2-demi-poutrelles-1-401x300.jpg\" alt=\"\" width=\"401\" height=\"300\" srcset=\"https:\/\/www.mursporteurs.fr\/wp-content\/uploads\/2010\/12\/Ouverture-de-mur-porteur-avec-2-demi-poutrelles-1-401x300.jpg 401w, https:\/\/www.mursporteurs.fr\/wp-content\/uploads\/2010\/12\/Ouverture-de-mur-porteur-avec-2-demi-poutrelles-1.jpg 477w\" sizes=\"(max-width: 401px) 100vw, 401px\" \/><\/p>\n<p><img loading=\"lazy\" class=\"aligncenter size-medium wp-image-214\" title=\"Ouverture de mur porteur avec 2 demi poutrelles \" src=\"http:\/\/www.mursporteurs.fr\/wp-content\/uploads\/2010\/12\/Ouverture-de-mur-porteur-avec-2-demi-poutrelles-2-400x300.jpg\" alt=\"\" width=\"400\" height=\"300\" srcset=\"https:\/\/www.mursporteurs.fr\/wp-content\/uploads\/2010\/12\/Ouverture-de-mur-porteur-avec-2-demi-poutrelles-2-400x300.jpg 400w, https:\/\/www.mursporteurs.fr\/wp-content\/uploads\/2010\/12\/Ouverture-de-mur-porteur-avec-2-demi-poutrelles-2.jpg 464w\" sizes=\"(max-width: 400px) 100vw, 400px\" \/><\/p>\n<p><img loading=\"lazy\" class=\"aligncenter size-medium wp-image-233\" title=\"mur-porteur-ouverture\" src=\"http:\/\/www.mursporteurs.fr\/wp-content\/uploads\/2010\/12\/mur-porteur-ouverture-399x300.jpg\" alt=\"\" width=\"399\" height=\"300\" srcset=\"https:\/\/www.mursporteurs.fr\/wp-content\/uploads\/2010\/12\/mur-porteur-ouverture-399x300.jpg 399w, https:\/\/www.mursporteurs.fr\/wp-content\/uploads\/2010\/12\/mur-porteur-ouverture.jpg 419w\" sizes=\"(max-width: 399px) 100vw, 399px\" \/><\/p>\n","protected":false},"excerpt":{"rendered":"<p>Dans ce cas, la d\u00e9marche pour abattre un mur porteur est bien moins lourde. Seuls les points 2, 3 (constitution du dossier) et 6 (r\u00e9alisation) sont \u00e0 effectuer. Le point 4 (\u00e9tat des lieux contradictoire) est \u00e0 r\u00e9aliser que dans &hellip; <a href=\"https:\/\/www.mursporteurs.fr\/?page_id=15\">Continuer la lecture <span class=\"meta-nav\">&rarr;<\/span><\/a><\/p>\n","protected":false},"author":1,"featured_media":0,"parent":0,"menu_order":20,"comment_status":"open","ping_status":"open","template":"","meta":[],"yoast_head":"<!-- This site is optimized with the Yoast SEO plugin v17.4 - https:\/\/yoast.com\/wordpress\/plugins\/seo\/ -->\n<meta name=\"robots\" content=\"index, follow, max-snippet:-1, max-image-preview:large, max-video-preview:-1\" \/>\n<link rel=\"canonical\" href=\"https:\/\/www.mursporteurs.fr\/?page_id=15\" \/>\n<meta property=\"og:locale\" content=\"fr_FR\" \/>\n<meta property=\"og:type\" content=\"article\" \/>\n<meta property=\"og:title\" content=\"R\u00e8glement maison individuelle - Murs Porteurs\" \/>\n<meta property=\"og:description\" content=\"Dans ce cas, la d\u00e9marche pour abattre un mur porteur est bien moins lourde. Seuls les points 2, 3 (constitution du dossier) et 6 (r\u00e9alisation) sont \u00e0 effectuer. Le point 4 (\u00e9tat des lieux contradictoire) est \u00e0 r\u00e9aliser que dans &hellip; Continuer la lecture &rarr;\" \/>\n<meta property=\"og:url\" content=\"https:\/\/www.mursporteurs.fr\/?page_id=15\" \/>\n<meta property=\"og:site_name\" content=\"Murs Porteurs\" \/>\n<meta property=\"article:modified_time\" content=\"2011-01-11T08:52:32+00:00\" \/>\n<meta property=\"og:image\" content=\"http:\/\/www.mursporteurs.fr\/wp-content\/uploads\/2010\/12\/Ouverture-de-mur-porteur-avec-2-demi-poutrelles-1-401x300.jpg\" \/>\n<meta name=\"twitter:card\" content=\"summary_large_image\" \/>\n<meta name=\"twitter:label1\" content=\"Dur\u00e9e de lecture est.\" \/>\n\t<meta name=\"twitter:data1\" content=\"1 minute\" \/>\n<script type=\"application\/ld+json\" class=\"yoast-schema-graph\">{\"@context\":\"https:\/\/schema.org\",\"@graph\":[{\"@type\":\"WebSite\",\"@id\":\"https:\/\/www.mursporteurs.fr\/#website\",\"url\":\"https:\/\/www.mursporteurs.fr\/\",\"name\":\"Murs Porteurs\",\"description\":\"Entreprise sp\\u00e9cialis\\u00e9e dans l&#039;ouverture de murs porteurs, les extensions et les sur\\u00e9l\\u00e9vations de maisons sur Paris et r\\u00e9gion parisienne.\",\"potentialAction\":[{\"@type\":\"SearchAction\",\"target\":{\"@type\":\"EntryPoint\",\"urlTemplate\":\"https:\/\/www.mursporteurs.fr\/?s={search_term_string}\"},\"query-input\":\"required name=search_term_string\"}],\"inLanguage\":\"fr-FR\"},{\"@type\":\"ImageObject\",\"@id\":\"https:\/\/www.mursporteurs.fr\/?page_id=15#primaryimage\",\"inLanguage\":\"fr-FR\",\"url\":\"http:\/\/www.mursporteurs.fr\/wp-content\/uploads\/2010\/12\/Ouverture-de-mur-porteur-avec-2-demi-poutrelles-1-401x300.jpg\",\"contentUrl\":\"http:\/\/www.mursporteurs.fr\/wp-content\/uploads\/2010\/12\/Ouverture-de-mur-porteur-avec-2-demi-poutrelles-1-401x300.jpg\"},{\"@type\":\"WebPage\",\"@id\":\"https:\/\/www.mursporteurs.fr\/?page_id=15#webpage\",\"url\":\"https:\/\/www.mursporteurs.fr\/?page_id=15\",\"name\":\"R\\u00e8glement maison individuelle - Murs Porteurs\",\"isPartOf\":{\"@id\":\"https:\/\/www.mursporteurs.fr\/#website\"},\"primaryImageOfPage\":{\"@id\":\"https:\/\/www.mursporteurs.fr\/?page_id=15#primaryimage\"},\"datePublished\":\"2010-12-03T15:59:08+00:00\",\"dateModified\":\"2011-01-11T08:52:32+00:00\",\"breadcrumb\":{\"@id\":\"https:\/\/www.mursporteurs.fr\/?page_id=15#breadcrumb\"},\"inLanguage\":\"fr-FR\",\"potentialAction\":[{\"@type\":\"ReadAction\",\"target\":[\"https:\/\/www.mursporteurs.fr\/?page_id=15\"]}]},{\"@type\":\"BreadcrumbList\",\"@id\":\"https:\/\/www.mursporteurs.fr\/?page_id=15#breadcrumb\",\"itemListElement\":[{\"@type\":\"ListItem\",\"position\":1,\"name\":\"Accueil\",\"item\":\"https:\/\/www.mursporteurs.fr\/\"},{\"@type\":\"ListItem\",\"position\":2,\"name\":\"R\\u00e8glement maison individuelle\"}]}]}<\/script>\n<!-- \/ Yoast SEO plugin. -->","yoast_head_json":{"robots":{"index":"index","follow":"follow","max-snippet":"max-snippet:-1","max-image-preview":"max-image-preview:large","max-video-preview":"max-video-preview:-1"},"canonical":"https:\/\/www.mursporteurs.fr\/?page_id=15","og_locale":"fr_FR","og_type":"article","og_title":"R\u00e8glement maison individuelle - Murs Porteurs","og_description":"Dans ce cas, la d\u00e9marche pour abattre un mur porteur est bien moins lourde. Seuls les points 2, 3 (constitution du dossier) et 6 (r\u00e9alisation) sont \u00e0 effectuer. Le point 4 (\u00e9tat des lieux contradictoire) est \u00e0 r\u00e9aliser que dans &hellip; Continuer la lecture &rarr;","og_url":"https:\/\/www.mursporteurs.fr\/?page_id=15","og_site_name":"Murs Porteurs","article_modified_time":"2011-01-11T08:52:32+00:00","og_image":[{"url":"http:\/\/www.mursporteurs.fr\/wp-content\/uploads\/2010\/12\/Ouverture-de-mur-porteur-avec-2-demi-poutrelles-1-401x300.jpg"}],"twitter_card":"summary_large_image","twitter_misc":{"Dur\u00e9e de lecture est.":"1 minute"},"schema":{"@context":"https:\/\/schema.org","@graph":[{"@type":"WebSite","@id":"https:\/\/www.mursporteurs.fr\/#website","url":"https:\/\/www.mursporteurs.fr\/","name":"Murs Porteurs","description":"Entreprise sp\u00e9cialis\u00e9e dans l&#039;ouverture de murs porteurs, les extensions et les sur\u00e9l\u00e9vations de maisons sur Paris et r\u00e9gion parisienne.","potentialAction":[{"@type":"SearchAction","target":{"@type":"EntryPoint","urlTemplate":"https:\/\/www.mursporteurs.fr\/?s={search_term_string}"},"query-input":"required name=search_term_string"}],"inLanguage":"fr-FR"},{"@type":"ImageObject","@id":"https:\/\/www.mursporteurs.fr\/?page_id=15#primaryimage","inLanguage":"fr-FR","url":"http:\/\/www.mursporteurs.fr\/wp-content\/uploads\/2010\/12\/Ouverture-de-mur-porteur-avec-2-demi-poutrelles-1-401x300.jpg","contentUrl":"http:\/\/www.mursporteurs.fr\/wp-content\/uploads\/2010\/12\/Ouverture-de-mur-porteur-avec-2-demi-poutrelles-1-401x300.jpg"},{"@type":"WebPage","@id":"https:\/\/www.mursporteurs.fr\/?page_id=15#webpage","url":"https:\/\/www.mursporteurs.fr\/?page_id=15","name":"R\u00e8glement maison individuelle - Murs Porteurs","isPartOf":{"@id":"https:\/\/www.mursporteurs.fr\/#website"},"primaryImageOfPage":{"@id":"https:\/\/www.mursporteurs.fr\/?page_id=15#primaryimage"},"datePublished":"2010-12-03T15:59:08+00:00","dateModified":"2011-01-11T08:52:32+00:00","breadcrumb":{"@id":"https:\/\/www.mursporteurs.fr\/?page_id=15#breadcrumb"},"inLanguage":"fr-FR","potentialAction":[{"@type":"ReadAction","target":["https:\/\/www.mursporteurs.fr\/?page_id=15"]}]},{"@type":"BreadcrumbList","@id":"https:\/\/www.mursporteurs.fr\/?page_id=15#breadcrumb","itemListElement":[{"@type":"ListItem","position":1,"name":"Accueil","item":"https:\/\/www.mursporteurs.fr\/"},{"@type":"ListItem","position":2,"name":"R\u00e8glement maison individuelle"}]}]}},"_links":{"self":[{"href":"https:\/\/www.mursporteurs.fr\/index.php?rest_route=\/wp\/v2\/pages\/15"}],"collection":[{"href":"https:\/\/www.mursporteurs.fr\/index.php?rest_route=\/wp\/v2\/pages"}],"about":[{"href":"https:\/\/www.mursporteurs.fr\/index.php?rest_route=\/wp\/v2\/types\/page"}],"author":[{"embeddable":true,"href":"https:\/\/www.mursporteurs.fr\/index.php?rest_route=\/wp\/v2\/users\/1"}],"replies":[{"embeddable":true,"href":"https:\/\/www.mursporteurs.fr\/index.php?rest_route=%2Fwp%2Fv2%2Fcomments&post=15"}],"version-history":[{"count":10,"href":"https:\/\/www.mursporteurs.fr\/index.php?rest_route=\/wp\/v2\/pages\/15\/revisions"}],"predecessor-version":[{"id":77,"href":"https:\/\/www.mursporteurs.fr\/index.php?rest_route=\/wp\/v2\/pages\/15\/revisions\/77"}],"wp:attachment":[{"href":"https:\/\/www.mursporteurs.fr\/index.php?rest_route=%2Fwp%2Fv2%2Fmedia&parent=15"}],"curies":[{"name":"wp","href":"https:\/\/api.w.org\/{rel}","templated":true}]}}