{"id":123,"date":"2010-12-08T09:16:50","date_gmt":"2010-12-08T08:16:50","guid":{"rendered":"http:\/\/www.mursporteurs.fr\/"},"modified":"2017-10-13T11:23:43","modified_gmt":"2017-10-13T10:23:43","slug":"comment-construire-un-mur-porteur","status":"publish","type":"page","link":"https:\/\/www.mursporteurs.fr\/?page_id=123","title":{"rendered":"Comment construire un mur porteur ?"},"content":{"rendered":"<h3><strong>Construire un mur porteur <\/strong><\/h3>\n<p>La nature d\u2019un <em>mur porteur<\/em> d\u00e9pend de ce qu\u2019il va porter, de la charge qu\u2019il devra soutenir et de la nature de l\u2019existant. Les murs de fa\u00e7ades sont par d\u00e9finition tous porteurs et peuvent \u00eatre r\u00e9aliser en traditionnel (parpaings), briques (pleines ou creuses) en bloques de b\u00e9ton \u00e0 bancher, en bloque de polystyr\u00e8ne \u00e0 bancher, voile b\u00e9ton, en mono mur, en bois (<a href=\"http:\/\/www.mursporteurs.fr\/les-differents-type-de-poutres\/\">ossature bois ou colombage<\/a>) ou en m\u00e9tal (ossature m\u00e9tallique).<\/p>\n<p>Pour la cr\u00e9ation d\u2019un acc\u00e8s \u00e0 un <a href=\"http:\/\/www.mursporteurs.fr\/demarche-reglementaire-pour-la-co-propriete\/\">logement en copropri\u00e9t\u00e9<\/a>, par exemple, on r\u00e9alise tr\u00e8s souvent ce travail en voile b\u00e9ton<\/p>\n<p style=\"text-align: right;\"><span style=\"color: #808080; font-family: Verdana, Arial, Helvetica, sans-serif; font-size: 9px;\">TAGS : <a href=\"http:\/\/www.mursporteurs.fr\/faq-mur-porteur\/comment-determiner-si-un-mur-porteur-est-porteur-ou-non\/\">mur porteur <\/a><\/span><\/p>\n","protected":false},"excerpt":{"rendered":"<p>Construire un mur porteur La nature d\u2019un mur porteur d\u00e9pend de ce qu\u2019il va porter, de la charge qu\u2019il devra soutenir et de la nature de l\u2019existant. Les murs de fa\u00e7ades sont par d\u00e9finition tous porteurs et peuvent \u00eatre r\u00e9aliser &hellip; <a href=\"https:\/\/www.mursporteurs.fr\/?page_id=123\">Continuer la lecture <span class=\"meta-nav\">&rarr;<\/span><\/a><\/p>\n","protected":false},"author":1,"featured_media":0,"parent":38,"menu_order":0,"comment_status":"open","ping_status":"open","template":"","meta":[],"yoast_head":"<!-- This site is optimized with the Yoast SEO plugin v17.4 - https:\/\/yoast.com\/wordpress\/plugins\/seo\/ -->\n<meta name=\"robots\" content=\"index, follow, max-snippet:-1, max-image-preview:large, max-video-preview:-1\" \/>\n<link rel=\"canonical\" href=\"http:\/\/www.mursporteurs.fr\/?page_id=123\" \/>\n<meta property=\"og:locale\" content=\"fr_FR\" \/>\n<meta property=\"og:type\" content=\"article\" \/>\n<meta property=\"og:title\" content=\"Comment construire un mur porteur ? - Murs Porteurs\" \/>\n<meta property=\"og:description\" content=\"Construire un mur porteur La nature d\u2019un mur porteur d\u00e9pend de ce qu\u2019il va porter, de la charge qu\u2019il devra soutenir et de la nature de l\u2019existant. Les murs de fa\u00e7ades sont par d\u00e9finition tous porteurs et peuvent \u00eatre r\u00e9aliser &hellip; Continuer la lecture &rarr;\" \/>\n<meta property=\"og:url\" content=\"http:\/\/www.mursporteurs.fr\/?page_id=123\" \/>\n<meta property=\"og:site_name\" content=\"Murs Porteurs\" \/>\n<meta property=\"article:modified_time\" content=\"2017-10-13T10:23:43+00:00\" \/>\n<meta name=\"twitter:card\" content=\"summary_large_image\" \/>\n<meta name=\"twitter:label1\" content=\"Dur\u00e9e de lecture est.\" \/>\n\t<meta name=\"twitter:data1\" content=\"1 minute\" \/>\n<script type=\"application\/ld+json\" class=\"yoast-schema-graph\">{\"@context\":\"https:\/\/schema.org\",\"@graph\":[{\"@type\":\"WebSite\",\"@id\":\"http:\/\/www.mursporteurs.fr\/#website\",\"url\":\"http:\/\/www.mursporteurs.fr\/\",\"name\":\"Murs Porteurs\",\"description\":\"Entreprise sp\\u00e9cialis\\u00e9e dans l&#039;ouverture de murs porteurs, les extensions et les sur\\u00e9l\\u00e9vations de maisons sur Paris et r\\u00e9gion parisienne.\",\"potentialAction\":[{\"@type\":\"SearchAction\",\"target\":{\"@type\":\"EntryPoint\",\"urlTemplate\":\"http:\/\/www.mursporteurs.fr\/?s={search_term_string}\"},\"query-input\":\"required name=search_term_string\"}],\"inLanguage\":\"fr-FR\"},{\"@type\":\"WebPage\",\"@id\":\"http:\/\/www.mursporteurs.fr\/?page_id=123#webpage\",\"url\":\"http:\/\/www.mursporteurs.fr\/?page_id=123\",\"name\":\"Comment construire un mur porteur ? - Murs Porteurs\",\"isPartOf\":{\"@id\":\"http:\/\/www.mursporteurs.fr\/#website\"},\"datePublished\":\"2010-12-08T08:16:50+00:00\",\"dateModified\":\"2017-10-13T10:23:43+00:00\",\"breadcrumb\":{\"@id\":\"http:\/\/www.mursporteurs.fr\/?page_id=123#breadcrumb\"},\"inLanguage\":\"fr-FR\",\"potentialAction\":[{\"@type\":\"ReadAction\",\"target\":[\"http:\/\/www.mursporteurs.fr\/?page_id=123\"]}]},{\"@type\":\"BreadcrumbList\",\"@id\":\"http:\/\/www.mursporteurs.fr\/?page_id=123#breadcrumb\",\"itemListElement\":[{\"@type\":\"ListItem\",\"position\":1,\"name\":\"Accueil\",\"item\":\"http:\/\/www.mursporteurs.fr\/\"},{\"@type\":\"ListItem\",\"position\":2,\"name\":\"FAQ\",\"item\":\"http:\/\/www.mursporteurs.fr\/?page_id=38\"},{\"@type\":\"ListItem\",\"position\":3,\"name\":\"Comment construire un mur porteur ?\"}]}]}<\/script>\n<!-- \/ Yoast SEO plugin. -->","yoast_head_json":{"robots":{"index":"index","follow":"follow","max-snippet":"max-snippet:-1","max-image-preview":"max-image-preview:large","max-video-preview":"max-video-preview:-1"},"canonical":"http:\/\/www.mursporteurs.fr\/?page_id=123","og_locale":"fr_FR","og_type":"article","og_title":"Comment construire un mur porteur ? - Murs Porteurs","og_description":"Construire un mur porteur La nature d\u2019un mur porteur d\u00e9pend de ce qu\u2019il va porter, de la charge qu\u2019il devra soutenir et de la nature de l\u2019existant. Les murs de fa\u00e7ades sont par d\u00e9finition tous porteurs et peuvent \u00eatre r\u00e9aliser &hellip; Continuer la lecture &rarr;","og_url":"http:\/\/www.mursporteurs.fr\/?page_id=123","og_site_name":"Murs Porteurs","article_modified_time":"2017-10-13T10:23:43+00:00","twitter_card":"summary_large_image","twitter_misc":{"Dur\u00e9e de lecture est.":"1 minute"},"schema":{"@context":"https:\/\/schema.org","@graph":[{"@type":"WebSite","@id":"http:\/\/www.mursporteurs.fr\/#website","url":"http:\/\/www.mursporteurs.fr\/","name":"Murs Porteurs","description":"Entreprise sp\u00e9cialis\u00e9e dans l&#039;ouverture de murs porteurs, les extensions et les sur\u00e9l\u00e9vations de maisons sur Paris et r\u00e9gion parisienne.","potentialAction":[{"@type":"SearchAction","target":{"@type":"EntryPoint","urlTemplate":"http:\/\/www.mursporteurs.fr\/?s={search_term_string}"},"query-input":"required name=search_term_string"}],"inLanguage":"fr-FR"},{"@type":"WebPage","@id":"http:\/\/www.mursporteurs.fr\/?page_id=123#webpage","url":"http:\/\/www.mursporteurs.fr\/?page_id=123","name":"Comment construire un mur porteur ? - Murs Porteurs","isPartOf":{"@id":"http:\/\/www.mursporteurs.fr\/#website"},"datePublished":"2010-12-08T08:16:50+00:00","dateModified":"2017-10-13T10:23:43+00:00","breadcrumb":{"@id":"http:\/\/www.mursporteurs.fr\/?page_id=123#breadcrumb"},"inLanguage":"fr-FR","potentialAction":[{"@type":"ReadAction","target":["http:\/\/www.mursporteurs.fr\/?page_id=123"]}]},{"@type":"BreadcrumbList","@id":"http:\/\/www.mursporteurs.fr\/?page_id=123#breadcrumb","itemListElement":[{"@type":"ListItem","position":1,"name":"Accueil","item":"http:\/\/www.mursporteurs.fr\/"},{"@type":"ListItem","position":2,"name":"FAQ","item":"http:\/\/www.mursporteurs.fr\/?page_id=38"},{"@type":"ListItem","position":3,"name":"Comment construire un mur porteur ?"}]}]}},"_links":{"self":[{"href":"https:\/\/www.mursporteurs.fr\/index.php?rest_route=\/wp\/v2\/pages\/123"}],"collection":[{"href":"https:\/\/www.mursporteurs.fr\/index.php?rest_route=\/wp\/v2\/pages"}],"about":[{"href":"https:\/\/www.mursporteurs.fr\/index.php?rest_route=\/wp\/v2\/types\/page"}],"author":[{"embeddable":true,"href":"https:\/\/www.mursporteurs.fr\/index.php?rest_route=\/wp\/v2\/users\/1"}],"replies":[{"embeddable":true,"href":"https:\/\/www.mursporteurs.fr\/index.php?rest_route=%2Fwp%2Fv2%2Fcomments&post=123"}],"version-history":[{"count":10,"href":"https:\/\/www.mursporteurs.fr\/index.php?rest_route=\/wp\/v2\/pages\/123\/revisions"}],"predecessor-version":[{"id":256,"href":"https:\/\/www.mursporteurs.fr\/index.php?rest_route=\/wp\/v2\/pages\/123\/revisions\/256"}],"up":[{"embeddable":true,"href":"https:\/\/www.mursporteurs.fr\/index.php?rest_route=\/wp\/v2\/pages\/38"}],"wp:attachment":[{"href":"https:\/\/www.mursporteurs.fr\/index.php?rest_route=%2Fwp%2Fv2%2Fmedia&parent=123"}],"curies":[{"name":"wp","href":"https:\/\/api.w.org\/{rel}","templated":true}]}}