{"id":101,"date":"2010-12-06T13:27:55","date_gmt":"2010-12-06T12:27:55","guid":{"rendered":"http:\/\/www.mursporteurs.fr\/"},"modified":"2021-10-19T17:01:55","modified_gmt":"2021-10-19T16:01:55","slug":"adora-renovation","status":"publish","type":"page","link":"https:\/\/www.mursporteurs.fr\/?page_id=101","title":{"rendered":"Pr\u00e9sentation Adora R\u00e9novation"},"content":{"rendered":"<p>Adora R\u00e9novation propose des travaux de :<\/p>\n<p>Plomberie | Ma\u00e7onnerie | \u00c9lectricit\u00e9 | Ravalement | Menuiserie | D\u00e9coration.<\/p>\n<p>Retrouvez-nous sur :<\/p>\n<p><a href=\"http:\/\/www.adora-renovation.fr\/\">http:\/\/www.adora-renovation.fr\/<\/a><\/p>\n<p>ADORA<br \/>\n25 bis Sente Castel<br \/>\n92370 Chaville<\/p>\n<p>01.45.07.07.07<br \/>\nFax : 01.45.07.10.82<\/p>\n<p>Un projet de d\u00e9molition ou d&rsquo;<a href=\"http:\/\/www.mursporteurs.fr\/nos-prestations-ouverture-mur-porteur\/\">ouverture d&rsquo;un mur porteur<\/a> ? Contactez nous !<\/p>\n","protected":false},"excerpt":{"rendered":"<p>Adora R\u00e9novation propose des travaux de : Plomberie | Ma\u00e7onnerie | \u00c9lectricit\u00e9 | Ravalement | Menuiserie | D\u00e9coration. Retrouvez-nous sur : http:\/\/www.adora-renovation.fr\/ ADORA 25 bis Sente Castel 92370 Chaville 01.45.07.07.07 Fax : 01.45.07.10.82 Un projet de d\u00e9molition ou d&rsquo;ouverture d&rsquo;un &hellip; <a href=\"https:\/\/www.mursporteurs.fr\/?page_id=101\">Continuer la lecture <span class=\"meta-nav\">&rarr;<\/span><\/a><\/p>\n","protected":false},"author":1,"featured_media":0,"parent":0,"menu_order":0,"comment_status":"open","ping_status":"open","template":"","meta":[],"yoast_head":"<!-- This site is optimized with the Yoast SEO plugin v17.4 - https:\/\/yoast.com\/wordpress\/plugins\/seo\/ -->\n<meta name=\"robots\" content=\"index, follow, max-snippet:-1, max-image-preview:large, max-video-preview:-1\" \/>\n<link rel=\"canonical\" href=\"https:\/\/www.mursporteurs.fr\/?page_id=101\" \/>\n<meta property=\"og:locale\" content=\"fr_FR\" \/>\n<meta property=\"og:type\" content=\"article\" \/>\n<meta property=\"og:title\" content=\"Pr\u00e9sentation Adora R\u00e9novation - Murs Porteurs\" \/>\n<meta property=\"og:description\" content=\"Adora R\u00e9novation propose des travaux de : Plomberie | Ma\u00e7onnerie | \u00c9lectricit\u00e9 | Ravalement | Menuiserie | D\u00e9coration. Retrouvez-nous sur : http:\/\/www.adora-renovation.fr\/ ADORA 25 bis Sente Castel 92370 Chaville 01.45.07.07.07 Fax : 01.45.07.10.82 Un projet de d\u00e9molition ou d&rsquo;ouverture d&rsquo;un &hellip; Continuer la lecture &rarr;\" \/>\n<meta property=\"og:url\" content=\"https:\/\/www.mursporteurs.fr\/?page_id=101\" \/>\n<meta property=\"og:site_name\" content=\"Murs Porteurs\" \/>\n<meta property=\"article:modified_time\" content=\"2021-10-19T16:01:55+00:00\" \/>\n<meta name=\"twitter:card\" content=\"summary_large_image\" \/>\n<meta name=\"twitter:label1\" content=\"Dur\u00e9e de lecture est.\" \/>\n\t<meta name=\"twitter:data1\" content=\"1 minute\" \/>\n<script type=\"application\/ld+json\" class=\"yoast-schema-graph\">{\"@context\":\"https:\/\/schema.org\",\"@graph\":[{\"@type\":\"WebSite\",\"@id\":\"https:\/\/www.mursporteurs.fr\/#website\",\"url\":\"https:\/\/www.mursporteurs.fr\/\",\"name\":\"Murs Porteurs\",\"description\":\"Entreprise sp\\u00e9cialis\\u00e9e dans l&#039;ouverture de murs porteurs, les extensions et les sur\\u00e9l\\u00e9vations de maisons sur Paris et r\\u00e9gion parisienne.\",\"potentialAction\":[{\"@type\":\"SearchAction\",\"target\":{\"@type\":\"EntryPoint\",\"urlTemplate\":\"https:\/\/www.mursporteurs.fr\/?s={search_term_string}\"},\"query-input\":\"required name=search_term_string\"}],\"inLanguage\":\"fr-FR\"},{\"@type\":\"WebPage\",\"@id\":\"https:\/\/www.mursporteurs.fr\/?page_id=101#webpage\",\"url\":\"https:\/\/www.mursporteurs.fr\/?page_id=101\",\"name\":\"Pr\\u00e9sentation Adora R\\u00e9novation - Murs Porteurs\",\"isPartOf\":{\"@id\":\"https:\/\/www.mursporteurs.fr\/#website\"},\"datePublished\":\"2010-12-06T12:27:55+00:00\",\"dateModified\":\"2021-10-19T16:01:55+00:00\",\"breadcrumb\":{\"@id\":\"https:\/\/www.mursporteurs.fr\/?page_id=101#breadcrumb\"},\"inLanguage\":\"fr-FR\",\"potentialAction\":[{\"@type\":\"ReadAction\",\"target\":[\"https:\/\/www.mursporteurs.fr\/?page_id=101\"]}]},{\"@type\":\"BreadcrumbList\",\"@id\":\"https:\/\/www.mursporteurs.fr\/?page_id=101#breadcrumb\",\"itemListElement\":[{\"@type\":\"ListItem\",\"position\":1,\"name\":\"Accueil\",\"item\":\"https:\/\/www.mursporteurs.fr\/\"},{\"@type\":\"ListItem\",\"position\":2,\"name\":\"Pr\\u00e9sentation Adora R\\u00e9novation\"}]}]}<\/script>\n<!-- \/ Yoast SEO plugin. -->","yoast_head_json":{"robots":{"index":"index","follow":"follow","max-snippet":"max-snippet:-1","max-image-preview":"max-image-preview:large","max-video-preview":"max-video-preview:-1"},"canonical":"https:\/\/www.mursporteurs.fr\/?page_id=101","og_locale":"fr_FR","og_type":"article","og_title":"Pr\u00e9sentation Adora R\u00e9novation - Murs Porteurs","og_description":"Adora R\u00e9novation propose des travaux de : Plomberie | Ma\u00e7onnerie | \u00c9lectricit\u00e9 | Ravalement | Menuiserie | D\u00e9coration. Retrouvez-nous sur : http:\/\/www.adora-renovation.fr\/ ADORA 25 bis Sente Castel 92370 Chaville 01.45.07.07.07 Fax : 01.45.07.10.82 Un projet de d\u00e9molition ou d&rsquo;ouverture d&rsquo;un &hellip; Continuer la lecture &rarr;","og_url":"https:\/\/www.mursporteurs.fr\/?page_id=101","og_site_name":"Murs Porteurs","article_modified_time":"2021-10-19T16:01:55+00:00","twitter_card":"summary_large_image","twitter_misc":{"Dur\u00e9e de lecture est.":"1 minute"},"schema":{"@context":"https:\/\/schema.org","@graph":[{"@type":"WebSite","@id":"https:\/\/www.mursporteurs.fr\/#website","url":"https:\/\/www.mursporteurs.fr\/","name":"Murs Porteurs","description":"Entreprise sp\u00e9cialis\u00e9e dans l&#039;ouverture de murs porteurs, les extensions et les sur\u00e9l\u00e9vations de maisons sur Paris et r\u00e9gion parisienne.","potentialAction":[{"@type":"SearchAction","target":{"@type":"EntryPoint","urlTemplate":"https:\/\/www.mursporteurs.fr\/?s={search_term_string}"},"query-input":"required name=search_term_string"}],"inLanguage":"fr-FR"},{"@type":"WebPage","@id":"https:\/\/www.mursporteurs.fr\/?page_id=101#webpage","url":"https:\/\/www.mursporteurs.fr\/?page_id=101","name":"Pr\u00e9sentation Adora R\u00e9novation - Murs Porteurs","isPartOf":{"@id":"https:\/\/www.mursporteurs.fr\/#website"},"datePublished":"2010-12-06T12:27:55+00:00","dateModified":"2021-10-19T16:01:55+00:00","breadcrumb":{"@id":"https:\/\/www.mursporteurs.fr\/?page_id=101#breadcrumb"},"inLanguage":"fr-FR","potentialAction":[{"@type":"ReadAction","target":["https:\/\/www.mursporteurs.fr\/?page_id=101"]}]},{"@type":"BreadcrumbList","@id":"https:\/\/www.mursporteurs.fr\/?page_id=101#breadcrumb","itemListElement":[{"@type":"ListItem","position":1,"name":"Accueil","item":"https:\/\/www.mursporteurs.fr\/"},{"@type":"ListItem","position":2,"name":"Pr\u00e9sentation Adora R\u00e9novation"}]}]}},"_links":{"self":[{"href":"https:\/\/www.mursporteurs.fr\/index.php?rest_route=\/wp\/v2\/pages\/101"}],"collection":[{"href":"https:\/\/www.mursporteurs.fr\/index.php?rest_route=\/wp\/v2\/pages"}],"about":[{"href":"https:\/\/www.mursporteurs.fr\/index.php?rest_route=\/wp\/v2\/types\/page"}],"author":[{"embeddable":true,"href":"https:\/\/www.mursporteurs.fr\/index.php?rest_route=\/wp\/v2\/users\/1"}],"replies":[{"embeddable":true,"href":"https:\/\/www.mursporteurs.fr\/index.php?rest_route=%2Fwp%2Fv2%2Fcomments&post=101"}],"version-history":[{"count":4,"href":"https:\/\/www.mursporteurs.fr\/index.php?rest_route=\/wp\/v2\/pages\/101\/revisions"}],"predecessor-version":[{"id":359,"href":"https:\/\/www.mursporteurs.fr\/index.php?rest_route=\/wp\/v2\/pages\/101\/revisions\/359"}],"wp:attachment":[{"href":"https:\/\/www.mursporteurs.fr\/index.php?rest_route=%2Fwp%2Fv2%2Fmedia&parent=101"}],"curies":[{"name":"wp","href":"https:\/\/api.w.org\/{rel}","templated":true}]}}